(w).
-5
Let g(f) = -10*f**2 - 16*f + 19. Let x(l) = -3*l**2 - 6*l + 7. Let d(q) = 2*g(q) - 7*x(q). Calculate d(-12).
13
Let j be (-525)/(-30) - 2/(-4). Suppose 3 = -5*a + j. Let r(h) = 13 - 4*h + a*h - 5. Calculate r(5).
3
Let f(r) = -2*r + 6. Let v(s) = 6 + 0 - s + s**2 + 2 - 2 + s**3. Let c = -2 + 2. Let o be v(c). Determine f(o).
-6
Let p = 923/18690 + -10/623. Let t(j) be the third derivative of -2/3*j**3 + 0*j - 12*j**2 + 5/24*j**4 - p*j**5 + 0. Determine t(3).
-7
Let f(l) = l + 12. Let x be 6/((-3)/(3/4*62)). Let t = 93 + x. Calculate f(t).
12
Let h(f) = -f - 9. Let j(u) = u - 2. Let i be j(2). Suppose -x - 7 = -i. Determine h(x).
-2
Suppose -2*a = -5*g - 21, 4*g + 9 = -3. Let n(s) = -2*s**2 + 1 - 3*s**3 + 4*s**a + 7*s**3. Suppose 3*d + 5*q + 12 = 0, 5*d - 8*d + 5*q + 18 = 0. Determine n(d).
7
Let s(v) = -4*v**2 + 5 + v + 12*v**3 - 13*v**3 - 3*v. Suppose -12 = -7*y + 3*y. Let q be -3 - (12/4)/y. Determine s(q).
13
Let i(q) = -2*q**3 - 2*q - 2. Let v be i(-1). Let f(s) be the third derivative of -1/6*s**3 - 1/6*s**4 + 0*s + 0 - 6*s**v. Give f(-2).
7
Let a(l) = 19*l - 10. Let k(v) = 3*v - 1. Let s(j) = -a(j) + 6*k(j). Give s(-4).
8
Let h(q) = 2*q**2 - q. Let b(k) = -11*k**2 + 19*k - 7. Let n(m) = -b(m) - 5*h(m). Determine n(13).
-6
Let y(i) = i**2 + i - 5. Suppose 5*v = 2*n + 783, -107 + 743 = 4*v - 4*n. Suppose -4*p - 47 + v = 0. Let b be ((-3)/2)/(p/(-72)). Calculate y(b).
15
Suppose -5*j + 3 = 3*a - 55, -a + 3*j = -24. Let i be (-1 + 7)*28/a. Let m = 11 - i. Let y(q) = -q**2 + q - 1. Give y(m).
-7
Let l(q) = -5*q - q - 6*q - 8*q + 21*q. Let d = -4 - -8. Suppose -i - c + 38 = 4*i, 4*i - 16 = d*c. Calculate l(i).
7
Let m(p) be the second derivative of -p**5/20 - 5*p**4/12 - 2*p**3/3 + 3*p**2/2 - 16*p + 2. Let r be (8/10 - 0)*-5. Determine m(r).
3
Let g be (((-32)/(-10))/(-4))/((-2)/10). Let u be 5/(-2)*(-4)/5. Let r(f) = f + g - 6 - u. Give r(6).
2
Let q = -83 + 94. Let w(l) = -10 - l**3 - 6*l - 12*l**2 + 33 + 5*l + q*l**2. Determine w(0).
23
Let c(n) = 0*n - 3 + 0*n - 3*n + 2 + 0*n - n**2. Let b(i) = -i**2 + i - 1. Let h be b(0). Determine c(h).
1
Let r(p) = p + 1. Let b = 1154 - 1148. Determine r(b).
7
Let w(c) = c**3 + 7*c**2 - 10*c - 6. Let h be w(-8). Let d(t) = 2*t + 2. Determine d(h).
22
Let x be 476/102*6/7. Let w(l) = -l**3 + 5*l**2 - 2*l - 8. What is w(x)?
0
Let l(b) = 7*b - 1 - 3*b - 2*b - b. Let r = -10 + 6. Let k(z) = -z**3 - 5*z**2 - 4*z + 2. Let n be k(r). Calculate l(n).
1
Let j(n) = -2*n**3 + 4*n**2 + 2*n - 5. Let c(p) = p - 1. Let r(g) = 5*c(g) - j(g). Let m be 2/(-7)*(-10 + 3). Suppose -m = -2*q + 2. Calculate r(q).
6
Let h(m) = -m**3 - 17*m**2 + 7. Suppose 14*i = 9*i + 5*w - 100, w = -3*i - 48. Give h(i).
7
Let t(f) = -f**2 + 29*f + 333. Let n be t(38). Let q(o) = 1. Let a(l) = 2*l + 10. Let r(c) = a(c) - 3*q(c). Give r(n).
-11
Let s(q) be the third derivative of q**7/1260 + q**6/360 - q**5/60 - q**2. Let o(p) be the third derivative of s(p). Suppose -11 - 59 = 35*l. Give o(l).
-6
Let u(z) = -4*z**2 + 9*z + 4. Let f(m) = -5*m**2 + 10*m + 8. Let n(t) = -5*f(t) + 6*u(t). What is n(-7)?
5
Let s(z) = -5*z + 17. Let b(q) = -22*q + 71. Let c(r) = 2*b(r) - 9*s(r). Give c(16).
5
Suppose 0 = 3*d + z - 7 - 10, 4*z = 5*d. Suppose -6*g + d = -4*g. Let y(a) = -14*a**3 + 2 + 2*a + 2*a**g + 17*a**3 - 1. Determine y(-1).
-2
Suppose 4*v = -1 - 3, 0 = -5*q + v + 11. Let l(w) = 3*w**2 + w + 0*w**2 + 12*w**q. Calculate l(-1).
14
Let r(f) = -f**2 - 4*f. Let g(z) = -z**3 - z + 1. Let o(n) = 7*n**3 - 12*n**2 + 5*n + 1. Let p(q) = 6*g(q) + o(q). Let w be p(12). Determine r(w).
-5
Let r be (-15)/(-20) + ((-39)/(-12) - 3). Let s(x) = -10*x**3 + x**2 - 2*x + 1. What is s(r)?
-10
Let n(m) = -5*m**2 - 19*m - 1. Let a(f) = -14*f**2 - 55*f - 2. Let x(t) = -6*a(t) + 17*n(t). Suppose -6*u + 2*u + 28 = 0. What is x(u)?
-5
Let p(r) = -11*r**3 + 4*r**2 - 9*r - 13. Let o(t) = -3*t**3 + t**2 - 2*t - 3. Let c(j) = -9*o(j) + 2*p(j). Determine c(2).
37
Let x be (-687)/21 + 8/(-28). Let o be 11/x*(-19 + 1). Let s(q) = -q**2 - 8*q + 6. Let f(l) = -2*l**2 - 9*l + 6. Let b(y) = 2*f(y) - 3*s(y). Calculate b(o).
-6
Let b(m) = m**3 - 6*m**2 - m + 7. Let i(f) = f**3 - 3*f**2 - 2*f - 34. Let w be i(5). What is b(w)?
1
Let m(v) = -3*v**3 - 9*v**2 - 1. Let g(l) = -4*l**3 - 10*l**2. Let r(a) = 4*g(a) - 5*m(a). Calculate r(5).
5
Let c(b) = b**2 - 7*b + 18. Let g be c(2). Let t(d) = d + 1. Determine t(g).
9
Let u(p) = -p**3 + 2*p**2 + 5*p - 5. Suppose -24*r + 55*r - 62 = 0. Determine u(r).
5
Let d(x) = -x**3 - 4*x**2 + 4*x - 2. Let p be d(-5). Let a(y) = y + 4 - 2*y + 2 - p*y. Suppose -4*h - 3*j = -3*h + 2, 2 = h + j. What is a(h)?
-10
Let g(n) = -n**3 + 2*n**2 + 4. Let x(z) = 2*z**3 + 5*z**2 + 1. Let b be x(-4). Let q = b - -50. Determine g(q).
-5
Let p(d) be the third derivative of 0 + 2/3*d**3 - 1/12*d**4 + 0*d + 9*d**2. Give p(3).
-2
Let v(s) be the second derivative of -s**3/2 - 13*s**2 + 620*s. What is v(-6)?
-8
Suppose -10 = g - 3*g. Let m be (-3 - 7)/(g + -3). Let t(j) = -2*j**2 - 8*j - 4. Give t(m).
-14
Let f(k) be the third derivative of 1/120*k**6 - 1/6*k**4 - 11*k**2 + 1/15*k**5 + k**3 + 0*k + 0. What is f(-5)?
1
Let i = -34 + 34. Let k(l) = l + i*l + 2*l - 6*l. Calculate k(-1).
3
Let r(o) be the third derivative of -o**6/24 + o**5/30 + o**4/24 + 2*o**2 - 11*o. Let u = -11 + 10. What is r(u)?
6
Let q(w) = -4*w**2 - 5*w + 4. Let r(y) = -y**2 - y + 1. Suppose 1 - 6 = 5*i + 2*d, 22 = 2*i - 4*d. Let z(o) = i*q(o) - 6*r(o). Give z(2).
8
Let a(p) = 13 - 12 + 3*p - p - 3*p**2 - p**3. Let l(f) = 16*f + 9. Let r be l(-2). Let t = -27 - r. Give a(t).
9
Let j = -741 + 727. Let x(f) = -f**3 - 14*f**2 - f - 14. Give x(j).
0
Let h(p) = p**2 - 2*p - 3. Suppose -7*f + 23 + 12 = 0. Let k = -2 + f. What is h(k)?
0
Let d(y) = 2*y + 5. Let b(l) = 4*l + 11. Let f(p) = 4*b(p) - 9*d(p). Let n(i) = i**2 + 50*i - 165. Let r be n(-53). Determine f(r).
11
Let i(j) = -10*j - 2. Let q be (18/8 + -2)/((-21)/84). Give i(q).
8
Let i = -10 - -2. Let w = -5 - i. Let m(z) = -7*z + 1. Let u(c) = -36*c + 4. Let v(t) = 5*m(t) - u(t). Determine v(w).
4
Let g be (-2)/13 + (-400)/(-65). Let t(p) be the second derivative of p**4/12 - p**3 - 3*p**2/2 - 3*p. Give t(g).
-3
Let i(x) be the first derivative of x**4/8 + 5*x**3/6 - 3*x**2/2 + 1. Let h(v) be the second derivative of i(v). Let z = -16 + 11. Determine h(z).
-10
Let u(n) be the second derivative of -n**3/6 - 5*n**2/2 + 20*n. Let q = -14 - -26. Suppose -v - 4*v - 4*c - 36 = 0, -3*c - q = 0. What is u(v)?
-1
Let l(z) = 5*z - 6. Let b(k) = k**3 - 21*k**2 + 38*k + 5. Let r be b(19). What is l(r)?
19
Let k(w) = w**2 + 21*w - 5. Let s be k(-9). Let d = s - -107. Let t(m) = m**3 + 5*m**2 - 5*m. Determine t(d).
-6
Suppose 5*j + 37 = -2*s - s, -1 = -3*j + 4*s. Let r(u) = 2 - 3*u - 4 + 8*u - 4 + u**2. Determine r(j).
-6
Let w(l) = -11*l + 19. Let v(n) = 5*n - 9. Let b(u) = u**2 + 5*u - 9. Let a be b(-4). Let k(h) = a*v(h) - 6*w(h). Give k(-8).
-5
Let y(p) = -29*p + 3*p + 5*p + 11*p - 5*p**2 + 7 + 9*p. Give y(2).
-15
Let i be 9/(2 - -1) - 0. Suppose -2*n - v + 11 = 0, 0 = 2*v - 1 - 5. Suppose 4 - 2 = i*m + b, 0 = -n*m - 5*b + 21. Let a(o) = 4*o**2 - 2*o - 1. What is a(m)?
5
Let x(m) = m**3 - 11*m**2 - m + 6. Suppose 0 = -3757*o + 3758*o - 11. What is x(o)?
-5
Let u(r) be the third derivative of -r**9/60480 + r**8/2520 - r**7/840 - r**6/120 + 3*r**5/5 - 35*r**2. Let x(l) be the third derivative of u(l). What is x(7)?
1
Let p(t) be the first derivative of t**5/120 + t**4/24 - t**3/3 - 1. Let s(z) be the third derivative of p(z). Suppose 18*g = 13*g + 67*g - 186. What is s(g)?
4
Let d(v) = -v**2 + v + 1. Let p = 1 - 0. Let u(b) = 2*b**2 - b - 6. Let t(y) = p*u(y) + 4*d(y). Let l(h) = -4*h**3 - 2*h**2 + 1. Let m be l(-1). Determine t(m).
-11
Let b(c) = c**2 + 4*c - 20. Let i be ((-18)/(-21))/(36/(-252)). Calculate b(i).
-8
Let o(d) = 7 - 223*d**2 + 224*d**2 - 3 - 15*d + 6. Calculate o(9).
-44
Let q(m) = m**2 + 5*m - 2. Let g be (120/(-28))/((-2)/14). Suppose -b = 5*d - 24, -3*b + 0*d - d = -g. Suppose -4*k + b*k = -30. What is q(k)?
4
Let l(k) = -5 - 5 + 5 - 3*k + 0 + 2. Let q = 1 + -3. Give l(q).
3
Let z = 404 + -803/2. Let q(j) be the first derivative of z*j**2 - 4 - 5*j + 1/3*j**3. Give q(-5).
-5
Let j(z) = 2*z**2 - 7*z - 15. Let h(t) = 6*t**2 - 22*t - 